t c(n) = 1387*n + 431. Is c(128) a composite number?
False
Let l(f) = 3*f**3 + 11*f**2 + 16*f + 31. Let a = 241 - 227. Is l(a) a prime number?
False
Let z(w) = w**3 - 5*w**2 + 2*w - 43. Let x be z(6). Let k(f) = 49*f**3 + 4*f**2 + 5*f - 5. Is k(x) composite?
True
Let g = -476037 + 1416450. Is g a prime number?
False
Let n(z) = -z - 2. Let q(k) = -37*k**2 - 12*k - 67. Let f(o) = -3*n(o) - q(o). Is f(-8) composite?
True
Let l(p) = p**2 - 4*p + 5. Let t be l(1). Suppose -t*i - 143863 = -5*w, -6*i - 16 = -2*i. Is w a composite number?
False
Let g(d) = 2*d**3 + 3*d**2 - 19*d + 3. Let w be g(-4). Let r(q) = -18348*q**3 - 2*q**2 + 6*q + 6. Is r(w) a prime number?
False
Let d be (-14)/(-21) + 2/(-3). Suppose 60 = 5*u + j, -2*u + d*j + 4*j + 24 = 0. Suppose -3*t - u = -105. Is t composite?
False
Suppose -4846949 = 61*h - 212*h. Is h prime?
True
Suppose -2*d = 3*i - 20, 83*d + 3*i = 85*d + 4. Suppose 4*z + 0*z + 12 = 0. Is 2*(d + z) + 2338/2 composite?
False
Let s = 160 - 155. Suppose s*f - 2045 = -2*c + 1566, -5394 = -3*c - 3*f. Is c composite?
True
Let g(o) = -o**2 - 16*o - 26. Let h be g(-5). Let n(i) = 4*i**2 - 44*i + 77. Is n(h) a composite number?
True
Is -9 + 8 + -7 - -114*13866/4 a composite number?
False
Suppose -21385*d - 5292638 = -21411*d. Is d prime?
True
Let t(n) = 13*n - 20. Suppose 4*j + j - 3*g + 304 = 0, 2*g - 65 = j. Let s = -53 - j. Is t(s) composite?
True
Is 177/(-118) + (-2604394)/(-4) a prime number?
True
Let f = 6079 - 7979. Suppose -h = 3*b - 0*b + 2858, 11465 = -4*h - b. Let m = f - h. Is m a composite number?
False
Let a = 600 - 595. Suppose g + 3*o = 4037, g - a*o = 2814 + 1255. Is g a composite number?
False
Let r(o) = -19*o**3 - o**2 + 9*o + 2. Let k be r(-5). Suppose 32*f - k = 29*f. Is f a prime number?
True
Is 26486 + -5 + -10 + 12 + -4 a prime number?
True
Suppose -17*k = 8*k - 425. Suppose k*j - 11394 - 8173 = 0. Is j prime?
True
Let x = -146 + 152. Suppose x*b = b + 6275. Is b a composite number?
True
Suppose -4 = 4*f, 0 = -8*w + 6*w - 4*f - 4. Let d = -155 - -301. Suppose 9*p - 10*p + d = w. Is p a prime number?
False
Suppose 2*j = 7*j, -9*a + 5*j = -4*a - 84815. Is a a prime number?
True
Suppose 1088*s - 1081*s - 98119 = 0. Is s prime?
False
Let l = 808 + -740. Suppose -58*c = -l*c + 125390. Is c a prime number?
True
Suppose -31 = -4*r - 15. Suppose 0 = -2*a - t + 318, r*a + 4*t - 644 = -0*t. Let n = a - -378. Is n a composite number?
True
Let o = -13258 + 23432. Is o a prime number?
False
Suppose -1073*g + 1077*g = 1831804. Is g prime?
False
Let l = -112 + 96. Suppose -5*j - 3*c = -262, -2 = -4*c - 6. Let a = l + j. Is a a composite number?
False
Let j(t) = 76*t**2 - 54*t - 11. Is j(-20) prime?
True
Let r(g) = -338*g - 173. Suppose -4*t - 27 = 5*f, -26 = 3*t + 5*f - 7*f. Is r(t) prime?
True
Let i = -152 + 142. Let a(l) = l**3 + 5*l**2 - l - 3. Let g be a(-6). Is (g/2 - -2)/(1/i) prime?
False
Let t = 11985 - -8851. Suppose 0 = -13*x + 2109 + t. Is x a composite number?
True
Suppose 2*r = 376 + 1232. Suppose -x + r = -799. Is x prime?
False
Let d be 5/(-20) + (-1)/(-4). Suppose d = 5*b + 4*z - 2*z - 30, -2*b - 5*z = 9. Suppose -b*x + 300 = 28. Is x a prime number?
False
Suppose 0 = -86*a - 67*a + 365311 + 523160. Is a prime?
True
Suppose -2*x + 0 = 2*o - 14, o = -5*x + 11. Suppose -28*t - 439 = -24*t + y, 5*y = -15. Let q = o - t. Is q composite?
True
Suppose -23*c = -4797846 + 697203 - 6873784. Is c a prime number?
True
Let f(v) = 20*v**2 - 5*v - 24. Let o be f(5). Let d = 3106 + o. Is d a composite number?
False
Suppose -12*z - 31090 + 5830 = 0. Is (7/(-5))/((-10524)/z + -5) a composite number?
True
Let u(c) = -c + 18. Let r be u(17). Is (-1)/(1/(-4699)*r) prime?
False
Let g = -57048 - -91972. Suppose 0 = -8*t - 11412 + g. Is t a prime number?
True
Suppose -8*p + 135174 = -5*p. Suppose -30*o + p = -4*o. Is o a prime number?
True
Suppose -17*u - 7 = 27. Let s(h) = 550*h**2 - 9*h - 15. Is s(u) composite?
False
Let u(z) be the second derivative of 11/2*z**2 + 2*z + 0 + 5/12*z**4 - 5/6*z**3. Is u(-8) a prime number?
False
Let p be -5*(90/(-25))/(-2). Let u = p + 13. Suppose u*j = 4*a - 2992, 0*a + 3*a - 2252 = -5*j. Is a composite?
True
Let p = 409 - 746. Let m = p + 750. Is m prime?
False
Let d(j) be the third derivative of 31*j**5/20 - 9*j**4/8 + j**3/2 - 24*j**2. Is d(-7) a composite number?
True
Let r(k) = -2*k**3 - 5*k**2 + k + 3. Let o be r(-2). Is (-1)/(o + 5024/1676) composite?
False
Suppose -12693 = 9*i + 9654. Let h = i - -5254. Is h a prime number?
False
Suppose 0 = -3*c + 145 - 97. Suppose -c*a - 21768 = -24*a. Is a composite?
True
Is ((-53742015)/34)/45*(-20)/6 a prime number?
False
Let z(w) = -w. Let r be z(0). Suppose 3*q + 1358 = 2*h - r*q, 2040 = 3*h - 3*q. Suppose -4*c - 12 = 0, 4*c = -4*d + 6*c + h. Is d a prime number?
False
Suppose 21 = -4*m + 13. Let p be (m + -5)*48/(-14). Is p/(-18) + 1372/12 a prime number?
True
Suppose 0 = -9*q + 131 + 1687. Let h = -4108 + q. Is (-10)/(20/h) + (-2 - 2) composite?
False
Let d(n) = 3*n + 26. Let l be d(-8). Suppose m + 4 = 4*r, m = -3*r + l*m + 4. Suppose -q - p = -r*p - 2868, -2873 = -q - 2*p. Is q prime?
False
Let d = 63 + -30. Suppose 2*u - d = 5*j, -16 = 5*u - 4*j - 56. Suppose 0 = -u*r + n - 3*n + 364, 2*n - 186 = -2*r. Is r prime?
True
Let x(f) = -18695*f + 362. Is x(-9) a prime number?
True
Suppose -2*z - 2*p - 2272 = 2*z, -20 = 5*p. Let m = 958 + z. Let r = 754 - m. Is r a composite number?
True
Let h = 38 + -41. Let a be 1*(2/h)/(4/(-39822)). Suppose -12*f + a + 11375 = 0. Is f prime?
False
Is (-1 + 650049/(-9))/((-334)/501) a composite number?
False
Suppose 3*t - t - 5*z = -60, 4*t + 64 = -4*z. Let s = t - -22. Is ((-2)/2)/(s/(-590) - 0) a composite number?
True
Let c be 11/44 + (-69)/(-12). Suppose -c*b - 9228 = 18570. Let y = b + 7932. Is y prime?
True
Suppose -5*u + 22 = 2, 2*f = -2*u + 2710. Let a = -768 + f. Is a composite?
True
Let k(l) = 5*l**3 - 36*l**2 + l + 110. Let o(r) = -r**3 + 7*r**2 - 22. Let p(a) = -2*k(a) - 11*o(a). Let w be p(6). Suppose -39*m - 259 = -w*m. Is m prime?
True
Let i(y) = 77*y**2 + 12*y + 16. Suppose 5*l + 41 = f, -f + 11 - 60 = 5*l. Is i(l) a prime number?
False
Suppose -45 = -8*t + 19. Suppose -t*b + 132 = -2*b. Is (-4305)/(-13) + b/(-143) a composite number?
False
Suppose 188*x - 190*x = -37254. Suppose 2*f + x = 5*f. Is f prime?
False
Suppose -347343 = -2*c + 5*h + 13608, -5*c = -h - 902366. Is c a prime number?
True
Suppose 0 = h + 2074 + 1535. Let v = 16322 + h. Is v composite?
False
Let n(y) = 5092*y**2 - 45*y + 46. Is n(1) a composite number?
True
Let k(r) = -108*r - 28. Let q be 3 + 69/12 + 6/(-8). Let p be k(q). Is (-6 - 30/(-4))/((-3)/p) prime?
False
Let c(f) = 6*f + 8. Let k be c(3). Let a(p) = 88*p - 85. Is a(k) prime?
True
Is (-408)/(-1020) + (-147513)/(-5) a prime number?
False
Let i = 504 - -24527. Is i prime?
True
Is 4732580655/8019 - (2/(-108))/((-1)/(-4)) composite?
False
Suppose 0 = 26*u + 3*u - 1549122. Let n = -15709 + u. Is n composite?
True
Let i = 135155 + 386892. Is i prime?
True
Let c be (112/(-12))/((-1)/((-33)/(-2))). Let y be 237138/c - 2/(-14). Suppose -2890 = -2*w + y. Is w a composite number?
True
Let v be (36/8)/((-4)/192*-1). Is 4*570930/v - 2/(-9) prime?
False
Let n be 29 - 5/(8 + -3). Let a = n + -24. Suppose 0*o = 2*o - a, -5*v + 2*o = -1681. Is v prime?
True
Is 34/10*7004 - 1110/1850 composite?
False
Suppose -d = -0*d - 7. Suppose 4*y - 5 = d. Is y - 3/(12/(-5584)) a prime number?
True
Let q = -50944 + 76185. Is q composite?
True
Let y be (-3 - -1)*16/4. Let f(i) = 102*i**2 + 11*i + 81. Is f(y) composite?
False
Let q = -33 + 34. Let w(n) = 2880*n + 2. Let k be w(q). Suppose -866 - k = -4*l. Is l a prime number?
True
Let j(z) = -18844*z + 87. Is j(-5) a composite number?
False
Suppose 3*h = -3*i - 12, 4*h - 4*i - 5 = 3. Let q be (h - -2)/(3/27*-3). Is (q - (-35)/15) + 2026/6 a composite number?
False
Let u(h) = -72*h**3 + 31*h**2 + 59*h - 19. Is u(-14) prime?
True
Let c be (-69)/9 + 1/(-3). Let w = 492 + -266. Let l = w + c. Is l a prime number?
False
Let d(n) = 9*n**3 + 6*n**2 + 4*n + 7. Let u be d(-5). Let q = 1671 + u. Is q a prime number?
True
Let q(l) = l**2 - 3*l - 34. Let t be q(9). Suppose t*n - 284342 - 441438 = 0. Is n prime?
False
Let r(g) = -g**2 - 26*g - 115. Let y 